{"id":2867,"date":"2015-02-21T05:08:01","date_gmt":"2015-02-21T05:08:01","guid":{"rendered":"https:\/\/exposnation.com\/wp-content\/uploads\/2015\/02\/assets.jpg"},"modified":"2015-02-21T05:08:01","modified_gmt":"2015-02-21T05:08:01","slug":"assets-2","status":"inherit","type":"attachment","link":"https:\/\/exposnation.com\/en\/exposnation-taking-part-in-the-montreal-st-patricks-day-parade\/assets-2\/","title":{"rendered":"assets"},"author":1,"featured_media":0,"comment_status":"open","ping_status":"open","template":"","meta":[],"class_list":["post-2867","attachment","type-attachment","status-inherit","hentry"],"yoast_head":"<!-- This site is optimized with the Yoast SEO plugin v27.4 - https:\/\/yoast.com\/product\/yoast-seo-wordpress\/ -->\n<title>ExposNation participera au D\u00e9fil\u00e9 de la Saint-Patrick \u00e0 Montr\u00e9al!<\/title>\n<meta name=\"description\" content=\"Nous sommes fiers d&#039;annoncer qu&#039;ExposNation participera \u00e0 l&#039;un des plus anciens et des plus prestigieux d\u00e9fil\u00e9s en Am\u00e9rique du nord, le D\u00e9fil\u00e9 de la Saint-Patrick \u00e0 Montr\u00e9al le 22 mars prochain\" \/>\n<meta name=\"robots\" content=\"index, follow, max-snippet:-1, max-image-preview:large, max-video-preview:-1\" \/>\n<link rel=\"canonical\" href=\"https:\/\/exposnation.com\/en\/exposnation-taking-part-in-the-montreal-st-patricks-day-parade\/assets-2\/\" \/>\n<meta property=\"og:locale\" content=\"en_US\" \/>\n<meta property=\"og:type\" content=\"article\" \/>\n<meta property=\"og:title\" content=\"ExposNation participera au D\u00e9fil\u00e9 de la Saint-Patrick \u00e0 Montr\u00e9al!\" \/>\n<meta property=\"og:description\" content=\"Nous sommes fiers d&#039;annoncer qu&#039;ExposNation participera \u00e0 l&#039;un des plus anciens et des plus prestigieux d\u00e9fil\u00e9s en Am\u00e9rique du nord, le D\u00e9fil\u00e9 de la Saint-Patrick \u00e0 Montr\u00e9al le 22 mars prochain\" \/>\n<meta property=\"og:url\" content=\"https:\/\/exposnation.com\/en\/exposnation-taking-part-in-the-montreal-st-patricks-day-parade\/assets-2\/\" \/>\n<meta property=\"og:site_name\" content=\"ExposNation\" \/>\n<meta property=\"article:publisher\" content=\"https:\/\/www.facebook.com\/ExposNation\/\" \/>\n<meta property=\"og:image\" content=\"https:\/\/exposnation.com\/wp-content\/uploads\/2015\/02\/assets.jpg\" \/>\n\t<meta property=\"og:image:width\" content=\"620\" \/>\n\t<meta property=\"og:image:height\" content=\"400\" \/>\n\t<meta property=\"og:image:type\" content=\"image\/jpeg\" \/>\n<meta name=\"twitter:card\" content=\"summary_large_image\" \/>\n<meta name=\"twitter:site\" content=\"@ExposNation\" \/>\n<script type=\"application\/ld+json\" class=\"yoast-schema-graph\">{\"@context\":\"https:\\\/\\\/schema.org\",\"@graph\":[{\"@type\":\"WebPage\",\"@id\":\"https:\\\/\\\/exposnation.com\\\/en\\\/exposnation-taking-part-in-the-montreal-st-patricks-day-parade\\\/assets-2\\\/\",\"url\":\"https:\\\/\\\/exposnation.com\\\/en\\\/exposnation-taking-part-in-the-montreal-st-patricks-day-parade\\\/assets-2\\\/\",\"name\":\"ExposNation participera au D\u00e9fil\u00e9 de la Saint-Patrick \u00e0 Montr\u00e9al!\",\"isPartOf\":{\"@id\":\"https:\\\/\\\/exposnation.com\\\/en\\\/#website\"},\"datePublished\":\"2015-02-21T05:08:01+00:00\",\"description\":\"Nous sommes fiers d'annoncer qu'ExposNation participera \u00e0 l'un des plus anciens et des plus prestigieux d\u00e9fil\u00e9s en Am\u00e9rique du nord, le D\u00e9fil\u00e9 de la Saint-Patrick \u00e0 Montr\u00e9al le 22 mars prochain\",\"breadcrumb\":{\"@id\":\"https:\\\/\\\/exposnation.com\\\/en\\\/exposnation-taking-part-in-the-montreal-st-patricks-day-parade\\\/assets-2\\\/#breadcrumb\"},\"inLanguage\":\"en-US\",\"potentialAction\":[{\"@type\":\"ReadAction\",\"target\":[\"https:\\\/\\\/exposnation.com\\\/en\\\/exposnation-taking-part-in-the-montreal-st-patricks-day-parade\\\/assets-2\\\/\"]}]},{\"@type\":\"BreadcrumbList\",\"@id\":\"https:\\\/\\\/exposnation.com\\\/en\\\/exposnation-taking-part-in-the-montreal-st-patricks-day-parade\\\/assets-2\\\/#breadcrumb\",\"itemListElement\":[{\"@type\":\"ListItem\",\"position\":1,\"name\":\"Accueil\",\"item\":\"https:\\\/\\\/exposnation.com\\\/en\\\/\"},{\"@type\":\"ListItem\",\"position\":2,\"name\":\"ExposNation taking part in the Montreal St. Patrick&#8217;s Day Parade!\",\"item\":\"https:\\\/\\\/exposnation.com\\\/en\\\/exposnation-taking-part-in-the-montreal-st-patricks-day-parade\\\/\"},{\"@type\":\"ListItem\",\"position\":3,\"name\":\"assets\"}]},{\"@type\":\"WebSite\",\"@id\":\"https:\\\/\\\/exposnation.com\\\/en\\\/#website\",\"url\":\"https:\\\/\\\/exposnation.com\\\/en\\\/\",\"name\":\"ExposNation\",\"description\":\"[:fr] Fans des Expos de Montr\u00e9al - Impliquons-nous [:en] Let&#039;s Get Involved Montreal Expos Fans\",\"potentialAction\":[{\"@type\":\"SearchAction\",\"target\":{\"@type\":\"EntryPoint\",\"urlTemplate\":\"https:\\\/\\\/exposnation.com\\\/en\\\/?s={search_term_string}\"},\"query-input\":{\"@type\":\"PropertyValueSpecification\",\"valueRequired\":true,\"valueName\":\"search_term_string\"}}],\"inLanguage\":\"en-US\"}]}<\/script>\n<!-- \/ Yoast SEO plugin. -->","yoast_head_json":{"title":"ExposNation participera au D\u00e9fil\u00e9 de la Saint-Patrick \u00e0 Montr\u00e9al!","description":"Nous sommes fiers d'annoncer qu'ExposNation participera \u00e0 l'un des plus anciens et des plus prestigieux d\u00e9fil\u00e9s en Am\u00e9rique du nord, le D\u00e9fil\u00e9 de la Saint-Patrick \u00e0 Montr\u00e9al le 22 mars prochain","robots":{"index":"index","follow":"follow","max-snippet":"max-snippet:-1","max-image-preview":"max-image-preview:large","max-video-preview":"max-video-preview:-1"},"canonical":"https:\/\/exposnation.com\/en\/exposnation-taking-part-in-the-montreal-st-patricks-day-parade\/assets-2\/","og_locale":"en_US","og_type":"article","og_title":"ExposNation participera au D\u00e9fil\u00e9 de la Saint-Patrick \u00e0 Montr\u00e9al!","og_description":"Nous sommes fiers d'annoncer qu'ExposNation participera \u00e0 l'un des plus anciens et des plus prestigieux d\u00e9fil\u00e9s en Am\u00e9rique du nord, le D\u00e9fil\u00e9 de la Saint-Patrick \u00e0 Montr\u00e9al le 22 mars prochain","og_url":"https:\/\/exposnation.com\/en\/exposnation-taking-part-in-the-montreal-st-patricks-day-parade\/assets-2\/","og_site_name":"ExposNation","article_publisher":"https:\/\/www.facebook.com\/ExposNation\/","og_image":[{"width":620,"height":400,"url":"https:\/\/exposnation.com\/wp-content\/uploads\/2015\/02\/assets.jpg","type":"image\/jpeg"}],"twitter_card":"summary_large_image","twitter_site":"@ExposNation","schema":{"@context":"https:\/\/schema.org","@graph":[{"@type":"WebPage","@id":"https:\/\/exposnation.com\/en\/exposnation-taking-part-in-the-montreal-st-patricks-day-parade\/assets-2\/","url":"https:\/\/exposnation.com\/en\/exposnation-taking-part-in-the-montreal-st-patricks-day-parade\/assets-2\/","name":"ExposNation participera au D\u00e9fil\u00e9 de la Saint-Patrick \u00e0 Montr\u00e9al!","isPartOf":{"@id":"https:\/\/exposnation.com\/en\/#website"},"datePublished":"2015-02-21T05:08:01+00:00","description":"Nous sommes fiers d'annoncer qu'ExposNation participera \u00e0 l'un des plus anciens et des plus prestigieux d\u00e9fil\u00e9s en Am\u00e9rique du nord, le D\u00e9fil\u00e9 de la Saint-Patrick \u00e0 Montr\u00e9al le 22 mars prochain","breadcrumb":{"@id":"https:\/\/exposnation.com\/en\/exposnation-taking-part-in-the-montreal-st-patricks-day-parade\/assets-2\/#breadcrumb"},"inLanguage":"en-US","potentialAction":[{"@type":"ReadAction","target":["https:\/\/exposnation.com\/en\/exposnation-taking-part-in-the-montreal-st-patricks-day-parade\/assets-2\/"]}]},{"@type":"BreadcrumbList","@id":"https:\/\/exposnation.com\/en\/exposnation-taking-part-in-the-montreal-st-patricks-day-parade\/assets-2\/#breadcrumb","itemListElement":[{"@type":"ListItem","position":1,"name":"Accueil","item":"https:\/\/exposnation.com\/en\/"},{"@type":"ListItem","position":2,"name":"ExposNation taking part in the Montreal St. Patrick&#8217;s Day Parade!","item":"https:\/\/exposnation.com\/en\/exposnation-taking-part-in-the-montreal-st-patricks-day-parade\/"},{"@type":"ListItem","position":3,"name":"assets"}]},{"@type":"WebSite","@id":"https:\/\/exposnation.com\/en\/#website","url":"https:\/\/exposnation.com\/en\/","name":"ExposNation","description":"[:fr] Fans des Expos de Montr\u00e9al - Impliquons-nous [:en] Let&#039;s Get Involved Montreal Expos Fans","potentialAction":[{"@type":"SearchAction","target":{"@type":"EntryPoint","urlTemplate":"https:\/\/exposnation.com\/en\/?s={search_term_string}"},"query-input":{"@type":"PropertyValueSpecification","valueRequired":true,"valueName":"search_term_string"}}],"inLanguage":"en-US"}]}},"description":{"rendered":"<p class=\"attachment\"><a data-rel=\"iLightbox[postimages]\" data-title=\"\" data-caption=\"\" href='https:\/\/exposnation.com\/wp-content\/uploads\/2015\/02\/assets.jpg'><img decoding=\"async\" width=\"300\" height=\"193\" src=\"https:\/\/exposnation.com\/wp-content\/uploads\/2015\/02\/assets-300x193.jpg\" class=\"attachment-medium size-medium\" alt=\"\" srcset=\"https:\/\/exposnation.com\/wp-content\/uploads\/2015\/02\/assets-150x96.jpg 150w, https:\/\/exposnation.com\/wp-content\/uploads\/2015\/02\/assets-300x193.jpg 300w, https:\/\/exposnation.com\/wp-content\/uploads\/2015\/02\/assets-390x252.jpg 390w, https:\/\/exposnation.com\/wp-content\/uploads\/2015\/02\/assets.jpg 620w\" sizes=\"(max-width: 300px) 100vw, 300px\" \/><\/a><\/p>\n"},"caption":{"rendered":""},"alt_text":"","media_type":"image","mime_type":"image\/jpeg","media_details":{"width":620,"height":400,"file":"2015\/02\/assets.jpg","sizes":{"thumbnail":{"file":"assets-150x150.jpg","width":150,"height":150,"mime_type":"image\/jpeg","source_url":"https:\/\/exposnation.com\/wp-content\/uploads\/2015\/02\/assets-150x150.jpg"},"medium":{"file":"assets-300x193.jpg","width":300,"height":193,"mime_type":"image\/jpeg","source_url":"https:\/\/exposnation.com\/wp-content\/uploads\/2015\/02\/assets-300x193.jpg"},"post-thumbnail":{"file":"assets-200x200.jpg","width":200,"height":200,"mime_type":"image\/jpeg","source_url":"https:\/\/exposnation.com\/wp-content\/uploads\/2015\/02\/assets-200x200.jpg"},"post-image":{"file":"assets-150x150.jpg","width":150,"height":150,"mime_type":"image\/jpeg","source_url":"https:\/\/exposnation.com\/wp-content\/uploads\/2015\/02\/assets-150x150.jpg"},"post-image-prop":{"file":"assets-150x96.jpg","width":150,"height":96,"mime_type":"image\/jpeg","source_url":"https:\/\/exposnation.com\/wp-content\/uploads\/2015\/02\/assets-150x96.jpg"},"image-slider":{"file":"assets-390x252.jpg","width":390,"height":252,"mime_type":"image\/jpeg","source_url":"https:\/\/exposnation.com\/wp-content\/uploads\/2015\/02\/assets-390x252.jpg"},"full":{"file":"assets.jpg","width":620,"height":400,"mime_type":"image\/jpeg","source_url":"https:\/\/exposnation.com\/wp-content\/uploads\/2015\/02\/assets.jpg"}},"image_meta":{"aperture":0,"credit":"","camera":"","caption":"","created_timestamp":0,"copyright":"","focal_length":0,"iso":0,"shutter_speed":0,"title":""}},"post":2870,"source_url":"https:\/\/exposnation.com\/wp-content\/uploads\/2015\/02\/assets.jpg","_links":{"self":[{"href":"https:\/\/exposnation.com\/en\/wp-json\/wp\/v2\/media\/2867","targetHints":{"allow":["GET"]}}],"collection":[{"href":"https:\/\/exposnation.com\/en\/wp-json\/wp\/v2\/media"}],"about":[{"href":"https:\/\/exposnation.com\/en\/wp-json\/wp\/v2\/types\/attachment"}],"author":[{"embeddable":true,"href":"https:\/\/exposnation.com\/en\/wp-json\/wp\/v2\/users\/1"}],"wp:attached-to":[{"embeddable":true,"post_type":"post","id":2870,"href":"https:\/\/exposnation.com\/en\/wp-json\/wp\/v2\/posts\/2870"}],"curies":[{"name":"wp","href":"https:\/\/api.w.org\/{rel}","templated":true}]}}

<!-- This site is optimized with the Yoast SEO plugin v27.4 - https://yoast.com/product/yoast-seo-wordpress/ -->
<title>ExposNation participera au Défilé de la Saint-Patrick à Montréal!</title>
<meta name="description" content="Nous sommes fiers d&#039;annoncer qu&#039;ExposNation participera à l&#039;un des plus anciens et des plus prestigieux défilés en Amérique du nord, le Défilé de la Saint-Patrick à Montréal le 22 mars prochain" />
<meta name="robots" content="index, follow, max-snippet:-1, max-image-preview:large, max-video-preview:-1" />
<link rel="canonical" href="https://exposnation.com/en/exposnation-taking-part-in-the-montreal-st-patricks-day-parade/assets-2/" />
<meta property="og:locale" content="en_US" />
<meta property="og:type" content="article" />
<meta property="og:title" content="ExposNation participera au Défilé de la Saint-Patrick à Montréal!" />
<meta property="og:description" content="Nous sommes fiers d&#039;annoncer qu&#039;ExposNation participera à l&#039;un des plus anciens et des plus prestigieux défilés en Amérique du nord, le Défilé de la Saint-Patrick à Montréal le 22 mars prochain" />
<meta property="og:url" content="https://exposnation.com/en/exposnation-taking-part-in-the-montreal-st-patricks-day-parade/assets-2/" />
<meta property="og:site_name" content="ExposNation" />
<meta property="article:publisher" content="https://www.facebook.com/ExposNation/" />
<meta property="og:image" content="https://exposnation.com/wp-content/uploads/2015/02/assets.jpg" />
	<meta property="og:image:width" content="620" />
	<meta property="og:image:height" content="400" />
	<meta property="og:image:type" content="image/jpeg" />
<meta name="twitter:card" content="summary_large_image" />
<meta name="twitter:site" content="@ExposNation" />
<script type="application/ld+json" class="yoast-schema-graph">{"@context":"https:\/\/schema.org","@graph":[{"@type":"WebPage","@id":"https:\/\/exposnation.com\/en\/exposnation-taking-part-in-the-montreal-st-patricks-day-parade\/assets-2\/","url":"https:\/\/exposnation.com\/en\/exposnation-taking-part-in-the-montreal-st-patricks-day-parade\/assets-2\/","name":"ExposNation participera au Défilé de la Saint-Patrick à Montréal!","isPartOf":{"@id":"https:\/\/exposnation.com\/en\/#website"},"datePublished":"2015-02-21T05:08:01+00:00","description":"Nous sommes fiers d'annoncer qu'ExposNation participera à l'un des plus anciens et des plus prestigieux défilés en Amérique du nord, le Défilé de la Saint-Patrick à Montréal le 22 mars prochain","breadcrumb":{"@id":"https:\/\/exposnation.com\/en\/exposnation-taking-part-in-the-montreal-st-patricks-day-parade\/assets-2\/#breadcrumb"},"inLanguage":"en-US","potentialAction":[{"@type":"ReadAction","target":["https:\/\/exposnation.com\/en\/exposnation-taking-part-in-the-montreal-st-patricks-day-parade\/assets-2\/"]}]},{"@type":"BreadcrumbList","@id":"https:\/\/exposnation.com\/en\/exposnation-taking-part-in-the-montreal-st-patricks-day-parade\/assets-2\/#breadcrumb","itemListElement":[{"@type":"ListItem","position":1,"name":"Accueil","item":"https:\/\/exposnation.com\/en\/"},{"@type":"ListItem","position":2,"name":"ExposNation taking part in the Montreal St. Patrick&#8217;s Day Parade!","item":"https:\/\/exposnation.com\/en\/exposnation-taking-part-in-the-montreal-st-patricks-day-parade\/"},{"@type":"ListItem","position":3,"name":"assets"}]},{"@type":"WebSite","@id":"https:\/\/exposnation.com\/en\/#website","url":"https:\/\/exposnation.com\/en\/","name":"ExposNation","description":"[:fr] Fans des Expos de Montréal - Impliquons-nous [:en] Let&#039;s Get Involved Montreal Expos Fans","potentialAction":[{"@type":"SearchAction","target":{"@type":"EntryPoint","urlTemplate":"https:\/\/exposnation.com\/en\/?s={search_term_string}"},"query-input":{"@type":"PropertyValueSpecification","valueRequired":true,"valueName":"search_term_string"}}],"inLanguage":"en-US"}]}</script>
<!-- / Yoast SEO plugin. -->

ExposNation participera au Défilé de la Saint-Patrick à Montréal!

Nous sommes fiers d'annoncer qu'ExposNation participera à l'un des plus anciens et des plus prestigieux défilés en Amérique du nord, le Défilé de la Saint-Patrick à Montréal le 22 mars prochain

[:fr] Fans des Expos de Montréal - Impliquons-nous [:en] Let&#039;s Get Involved Montreal Expos Fans
